
In base 8, what is 3435 - -452?
4107
In base 7, what is -3320 + -211?
-3531
In base 11, what is -3a + -9078?
-9107
In base 3, what is -1211022110 + -1?
-1211022111
In base 9, what is -3820 - -652?
-3157
In base 15, what is d + -36c?
-35e
In base 4, what is -11211132322 - 10?
-11211132332
In base 5, what is -413001 - -10?
-412441
In base 13, what is -5 - 1650?
-1655
In base 8, what is 4 + -256233?
-256227
In base 3, what is -1 - 1211202221?
-1211202222
In base 10, what is 413 - 2045?
-1632
In base 3, what is 2020001 + 1102?
2021110
In base 6, what is 1131433 - -3?
1131440
In base 3, what is 20021000111 - -20?
20021000201
In base 16, what is 4 + 6be2?
6be6
In base 10, what is 30032 + 26?
30058
In base 4, what is -10123231 - 21?
-10123312
In base 7, what is -44 - -11160?
11113
In base 12, what is -31b70 - 1?
-31b71
In base 11, what is -2 + -2368?
-236a
In base 9, what is 3 + 44113?
44116
In base 12, what is 19 - 31?
-14
In base 3, what is 10 - 1102212?
-1102202
In base 9, what is 242140 + -1?
242138
In base 14, what is -1 + 7a95?
7a94
In base 5, what is 103302 + 2143?
111000
In base 2, what is -110101100111101 + -11?
-110101101000000
In base 12, what is 2323 - 0?
2323
In base 14, what is 30 + -237?
-207
In base 11, what is -4369 + 57?
-4312
In base 9, what is 2 - 37438?
-37436
In base 12, what is -8 + -89245?
-89251
In base 8, what is 745 - 2?
743
In base 9, what is 1072477 + 5?
1072483
In base 15, what is -e978 + 3?
-e975
In base 16, what is -121763 + 3?
-121760
In base 6, what is 1144253 + -12?
1144241
In base 5, what is 1 - -14213?
14214
In base 10, what is -4875 + -4?
-4879
In base 13, what is 3 - 11c3c4?
-11c3c1
In base 10, what is -2306 - -1637?
-669
In base 4, what is -10 - 112012022?
-112012032
In base 11, what is -45 - -979?
934
In base 8, what is -544 + 662?
116
In base 11, what is 240 - 102a?
-89a
In base 2, what is -11101101 - 1001000?
-100110101
In base 5, what is -143 - -333?
140
In base 12, what is 1b - 2439?
-241a
In base 14, what is -51b - 15a?
-677
In base 8, what is -315 - 261?
-576
In base 12, what is 60 - 4037?
-3b97
In base 14, what is cc52 + 16?
cc68
In base 15, what is 6 - -42db?
42e2
In base 9, what is 4 + -171124?
-171120
In base 16, what is -5691 - 2?
-5693
In base 8, what is -3703647 + 1?
-3703646
In base 2, what is -101011010111 - 1110001010?
-111001100001
In base 5, what is -104241 + 12?
-104224
In base 14, what is -18b4 + 9?
-18a9
In base 5, what is 2 + 41430?
41432
In base 15, what is 38 - 3e3?
-3aa
In base 9, what is -678 - -4?
-674
In base 11, what is 111 - -79?
18a
In base 12, what is 101 - 131?
-30
In base 14, what is 514 - -1?
515
In base 3, what is -21002 - 11010101?
-11101110
In base 9, what is -3 - 50060?
-50063
In base 6, what is -1032 - -2112?
1040
In base 15, what is -5624 + -5?
-5629
In base 9, what is -1154414 - 4?
-1154418
In base 2, what is -100111010011001 + 1100?
-100111010001101
In base 7, what is 4 - -5262265?
5262302
In base 7, what is 1023 + 1265?
2321
In base 3, what is -22002 + 10021120?
2222111
In base 13, what is -cc57 + 0?
-cc57
In base 15, what is -5 + -1c81?
-1c86
In base 9, what is -3 - -62284?
62281
In base 15, what is -5 - -8d909?
8d904
In base 3, what is 11221001 + -202?
11220022
In base 2, what is -11 - 11001001000000?
-11001001000011
In base 9, what is -1132 + 655?
-366
In base 6, what is -3 + 401032?
401025
In base 5, what is -123440 + 110?
-123330
In base 3, what is -1001 - 1021021212?
-1021022220
In base 8, what is -22 + 4627?
4605
In base 9, what is 164 + -772?
-607
In base 7, what is 114043 + -45?
113665
In base 8, what is -21 + -615?
-636
In base 3, what is -1100000 - 1022200?
-2122200
In base 3, what is -220121 + 2?
-220112
In base 12, what is -2 + 2598?
2596
In base 11, what is 2055a - -5?
20564
In base 4, what is -10 - -33332033?
33332023
In base 16, what is -d0e - -19?
-cf5
In base 5, what is 0 + 30414202?
30414202
In base 8, what is 140457 + -13?
140444
In base 14, what is -521 - -25?
-4da
In base 2, what is 1011010110100 + -11101?
1011010010111
In base 12, what is 84 - -489?
551
In base 13, what is -2b42 - -b?
-2b34
In base 14, what is -1 + -bbb?
-bbc
In base 2, what is 1010011100010111101 + 10?
1010011100010111111
In base 12, what is 20b + 2980?
2b8b
In base 13, what is 369 + 641?
9aa
In base 2, what is 101 - -1011110111001001101?
1011110111001010010
In base 10, what is -5 - -3617?
3612
In base 9, what is -17 + 11710?
11682
In base 5, what is -2 - 10122132?
-10122134
In base 3, what is 220012 + -112?
212200
In base 9, what is 227 - -14711?
15038
In base 11, what is 62926 + 5?
62930
In base 10, what is -3 - 9370?
-9373
In base 15, what is 1 + -6bc7?
-6bc6
In base 8, what is -5523 - -22?
-5501
In base 8, what is 111554 - 5?
111547
In base 8, what is -5371117 + -5?
-5371124
In base 9, what is 122 + -250?
-127
In base 15, what is 3 + 831a8?
831ab
In base 5, what is 3 + 322330?
322333
In base 2, what is 11111001101011110 + 1?
11111001101011111
In base 9, what is 2457 - -1480?
4047
In base 12, what is 6a2 - 109?
595
In base 2, what is -11110010011001 - 10011000?
-11110100110001
In base 14, what is 2bd + -765?
-486
In base 4, what is -2 - 1031121110?
-1031121112
In base 12, what is -7 - -23225?
2321a
In base 15, what is -96 + 3be5?
3b4e
In base 6, what is 40 + 215322?
215402
In base 13, what is -554 - 43?
-597
In base 16, what is -3efa - c?
-3f06
In base 16, what is -63d6 + 3?
-63d3
In base 11, what is 3125 - -90?
3205
In base 13, what is -561 + -11?
-572
In base 12, what is -64 + -224?
-288
In base 16, what is -3a - 3a98?
-3ad2
In base 9, what is -4722 - -71?
-4641
In base 6, what is -320 - -3130?
2410
In base 4, what is 3023013 - -313?
3023332
In base 5, what is -2 - -44103243?
44103241
In base 10, what is -4 + -5963?
-5967
In base 10, what is 16120 - -3?
16123
In base 7, what is -4 + 3344342?
3344335
In base 3, what is -12 - -1100121?
1100102
In base 2, what is 100101 - -101111?
1010100
In base 15, what is 3 - -25b0?
25b3
In base 9, what is 1172 - -868?
2151
In base 3, what is -1102 - -100122120?
100121011
In base 2, what is -100110 - -111?
-11111
In base 8, what is 1637 + 32?
1671
In base 9, what is -2 + 1865?
1863
In base 13, what is 600 - -5a?
65a
In base 14, what is -2c + d01?
cb3
In base 6, what is 15503424 - -2?
15503430
In base 16, what is -3dd - 9e?
-47b
In base 11, what is 163452 - -1?
163453
In base 15, what is 8e - 28b?
-1ec
In base 11, what is 9 - -4413?
4421
In base 7, what is -5 - 26121?
-26126
In base 4, what is 1312 + -103230?
-101312
In base 7, what is 305 - 4634?
-4326
In base 8, what is -465 - -411?
-54
In base 3, what is -2 + -2110221102112?
-2110221102121
In base 5, what is 1300 + -4100?
-2300
In base 15, what is 717d - -5?
7183
In base 13, what is -5 + 32098a?
320985
In base 2, what is -1000 - 10011011101010?
-10011011110010
In base 5, what is 13233211 + 2?
13233213
In base 5, what is -303333313 - -3?
-303333310
In base 14, what is -b - -33aa?
339d
In base 6, what is -503040 - 212?
-503252
In base 7, what is -23454 - 2?
-23456
In base 5, what is -20 - -31102?
31032
In base 15, what is 2 - -bd77?
bd79
In base 11, what is -331 - -370?
3a
In base 14, what is -328 + 20?
-308
In base 16, what is 816a9 + 0?
816a9
In base 9, what is -126 - 3577?
-3714
In base 7, what is -4 + 132336?
132332
In base 3, what is 10121121022 - -11?
10121121110
In base 6, what is 134 + 310141?
310315
In base 13, what is -495 - 993?
-1158
In base 11, what is 14 + -2519?
-2505
In base 16, what is 1b + -3a207?
-3a1ec
In base 3, what is 10 - -101110022111?
101110022121
In base 14, what is 3 + -18cb2a?
-18cb27
In base 14, what is b + 4a1?
4ac
In base 9, what is -170 + 461?
281
In base 10, what is 479 + -962?
-483
In base 8, what is -31 - -12666?
12635
In base 15, what is -1b9870 + -2?
-1b9872
In base 10, what is 28 - 9791?
-9763
In base 10, what is 86176 - -3?
86179
In base 3, what is -20111200021 + 20?
-20111200001
In base 4, what is -1013 + 1013213?
1012200
In base 10, what is -407 + -5?
-412
In base 3, what is 12 - 2000002102?
-2000002020
In base 9, what is -14285 + 13?
-14272
In base 8, what is 710 + -471?
217
In base 7, what is -104025 + -2?
-104030
In base 7, what is -4 + -503204?
-503211
In base 5, what is -113 + 20111?
14443
In base 11, what is 4 + 1a2368?
1a2371
In base 